
Is 993868523 prime?
True
Is 13209359971 prime?
False
Is 9933998611 composite?
True
Is 1282375697 prime?
True
Is 47180299151 composite?
False
Is 10927793153 a prime number?
True
Is 395564639 composite?
True
Is 878648933 a prime number?
True
Is 18098347259 composite?
False
Is 12980069831 a composite number?
True
Is 348881003 a composite number?
False
Is 206292011 a prime number?
False
Is 2560973451 composite?
True
Is 485625431 a prime number?
False
Is 4284810097 composite?
False
Is 12586417073 composite?
True
Is 4262233061 prime?
True
Is 1799496451 prime?
True
Is 38228508491 composite?
False
Is 616164883 a composite number?
True
Is 3809539 a prime number?
True
Is 69705388313 a prime number?
False
Is 31594640785 composite?
True
Is 89031751 a prime number?
True
Is 281644489 composite?
True
Is 41669548097 prime?
True
Is 406276561 prime?
True
Is 33075908851 a prime number?
True
Is 3797798689 a prime number?
True
Is 190600019 a composite number?
False
Is 5059360091 a composite number?
True
Is 80387482571 prime?
False
Is 38521571783 a prime number?
False
Is 1885309969 composite?
False
Is 65082197 a composite number?
True
Is 306569743 composite?
True
Is 80793607711 prime?
False
Is 304839905 composite?
True
Is 4325215421 a prime number?
True
Is 1162298009 composite?
True
Is 14452743449 a prime number?
False
Is 83942265263 a prime number?
False
Is 64295443 prime?
True
Is 112442749859 a prime number?
False
Is 5617791493 a prime number?
False
Is 1703560321 a composite number?
False
Is 34364623 composite?
True
Is 2021828423 a composite number?
False
Is 30711156403 composite?
False
Is 116610761101 composite?
True
Is 13231054769 a composite number?
False
Is 17122939711 prime?
True
Is 5976091427 composite?
True
Is 1865083405 a composite number?
True
Is 10090667 composite?
False
Is 16292404439 composite?
True
Is 26484823903 composite?
True
Is 151813259579 prime?
True
Is 88251829 a composite number?
False
Is 14642715221 prime?
False
Is 360173501 a composite number?
False
Is 947057673 prime?
False
Is 20448229003 prime?
False
Is 7375466603 a prime number?
False
Is 1316286121 a composite number?
True
Is 72530506 a composite number?
True
Is 4565499451 a composite number?
True
Is 345133 composite?
False
Is 1920302459 a composite number?
True
Is 210993989507 prime?
False
Is 5892390187 a composite number?
False
Is 417013108337 composite?
True
Is 1148845951 prime?
False
Is 40414712529 a prime number?
False
Is 6159878449 a prime number?
False
Is 1445177091 a prime number?
False
Is 10545425263 composite?
False
Is 1706686403 a composite number?
False
Is 183378859 a composite number?
True
Is 2839127897 a composite number?
True
Is 81274719763 a prime number?
False
Is 1031758753 prime?
False
Is 5480209939 prime?
True
Is 871836047 prime?
False
Is 93899843293 a prime number?
False
Is 52599048833 a composite number?
False
Is 2338983103 a prime number?
True
Is 6164321263 prime?
False
Is 2464395709 composite?
False
Is 155554392067 a composite number?
False
Is 40774217579 a prime number?
False
Is 3571179503 composite?
True
Is 402552307 composite?
True
Is 15553139981 a prime number?
False
Is 51654887 a composite number?
True
Is 53612939 prime?
False
Is 8829631627 prime?
True
Is 154302983 a prime number?
True
Is 100102962923 composite?
False
Is 1989354313 a prime number?
False
Is 121303777 composite?
True
Is 1551855769 a composite number?
True
Is 1685037349 a composite number?
True
Is 335656735 prime?
False
Is 18314892181 a prime number?
True
Is 5756392027 a composite number?
False
Is 33090055795 composite?
True
Is 5231867439 prime?
False
Is 49526724343 a composite number?
True
Is 2179400007 prime?
False
Is 2406249959 a prime number?
False
Is 586374527 a prime number?
True
Is 19145737327 prime?
False
Is 386036961 composite?
True
Is 21332978657 a composite number?
True
Is 314818729499 a prime number?
True
Is 4106399421 a prime number?
False
Is 3333314311 a prime number?
True
Is 890237291 a prime number?
True
Is 86684122873 prime?
True
Is 26880925177 a prime number?
False
Is 303329989 a composite number?
False
Is 7338137515 a prime number?
False
Is 46086445777 a composite number?
True
Is 1914728801 prime?
True
Is 27895082081 prime?
False
Is 317614483 a prime number?
True
Is 227864748527 a composite number?
True
Is 3428141023 a composite number?
False
Is 496530457 composite?
False
Is 4156729081 a prime number?
False
Is 621613819 a composite number?
True
Is 4658619001 a prime number?
False
Is 19153881949 composite?
False
Is 683681059 a composite number?
False
Is 461727131 composite?
False
Is 31710802399 a prime number?
True
Is 5286695497 prime?
False
Is 1156317487 a prime number?
False
Is 206342909 prime?
True
Is 121458151 prime?
True
Is 1035418151 a composite number?
True
Is 2191672993 a prime number?
True
Is 1645954181 a prime number?
False
Is 1082271949 a composite number?
True
Is 17473308493 a composite number?
False
Is 11711936209 a prime number?
True
Is 1009553903 a prime number?
True
Is 4378838817 a composite number?
True
Is 90458317673 prime?
False
Is 40382616211 a composite number?
True
Is 2146280989 a prime number?
True
Is 138654951661 a composite number?
True
Is 750843545 a prime number?
False
Is 6072828695 composite?
True
Is 43496496541 prime?
True
Is 32705344883 composite?
False
Is 182485509149 composite?
False
Is 248413159 composite?
True
Is 124181024173 a prime number?
False
Is 460386121 composite?
True
Is 1069077311 a composite number?
False
Is 2951903921 a prime number?
False
Is 14129147 prime?
True
Is 33085132519 prime?
True
Is 305166037 prime?
False
Is 3043716189 a prime number?
False
Is 15276751211 a prime number?
True
Is 572880422 a composite number?
True
Is 34149217 a prime number?
True
Is 127516651 prime?
True
Is 4728271763 a composite number?
True
Is 129252607 prime?
False
Is 1696761713 a composite number?
True
Is 239614451599 a composite number?
False
Is 272685241 prime?
True
Is 3389516771 composite?
False
Is 6027306391 a prime number?
True
Is 13969796473 composite?
True
Is 2753447987 a prime number?
True
Is 41081356409 composite?
True
Is 13309661629 a prime number?
False
Is 36414554551 a prime number?
False
Is 256928965 composite?
True
Is 7010178909 composite?
True
Is 24884367043 composite?
True
Is 2626362107 a prime number?
False
Is 988022521 prime?
True
Is 9835181851 composite?
True
Is 190787734 composite?
True
Is 2782417333 a prime number?
True
Is 384558673 a prime number?
True
Is 216395797 prime?
True
Is 94418967319 composite?
False
Is 571769521 prime?
False
Is 63723203431 prime?
False
Is 19529665517 a prime number?
True
Is 347047993 prime?
True
Is 1424620495 a prime number?
False
Is 1770999689 prime?
True
Is 316038757 composite?
True
Is 469820317 a prime number?
True
Is 40394875211 a composite number?
False
Is 6399121115 a prime number?
False
Is 1145233141 prime?
False
Is 3935197481 a prime number?
True
Is 89413849003 a composite number?
False
Is 4707741659 composite?
False
Is 7042171087 prime?
False
Is 25026646691 a composite number?
True
Is 6137656817 a composite number?
False
Is 89529373279 prime?
False
Is 2472887497 prime?
True
Is 4646182223 prime?
True
Is 180332899133 prime?
True
Is 7053566711 composite?
True
Is 1963661741 prime?
True
Is 8682143137 a composite number?
False
Is 8792306251 prime?
True
Is 3742872937 composite?
False
Is 2078576807 prime?
True
Is 622853993 a prime number?
True
Is 2460012281 prime?
False
Is 94840295591 a composite number?
False
Is 139688514443 prime?
True
Is 2416471631 a prime number?
False
Is 3531704843 composite?
False
Is 2619481903 a composite number?
False
Is 29683906702 prime?
False
Is 1387184861 prime?
True
Is 184192926487 a prime number?
True
Is 6814031909 prime?
True
Is 22318706107 composite?
False
Is 10907138621 composite?
False
Is 12490100741 a composite number?
True
Is 42957766009 composite?
False
Is 439033087 a composite number?
True
Is 160883543 prime?
False
Is 6993857707 a prime number?
True
Is 10371261553 composite?
True
Is 6828163129 a composite number?
True
Is 32035829851 a prime number?
True
Is 27399277 a prime number?
False
Is 19658555093 a prime number?
True
Is 4100130767 a composite number?
True
Is 420959543 prime?
False
Is 558760723 a prime number?
False
Is 67677285491 prime?
True
Is 246478464413 